 d + 4*m, 5*d - 189 = -w*m. What are the prime factors of d?
3, 13
Suppose -4*o + 63 = -3*s - 134, -4*o = 5*s + 275. Let m = s - -86. List the prime factors of m.
3
Suppose 0*v = -v - 39. Let l = 68 + v. List the prime factors of l.
29
List the prime factors of (-2)/((-2)/539) - (16 - 21).
2, 17
Let b(r) = -2*r**3 + 7*r**2 - 3*r + 2. Suppose 6 = -60*z + 62*z. List the prime factors of b(z).
2
Suppose 5*x + 108 + 172 = 0. Let k = 120 + x. List the prime factors of k.
2
Suppose -2*k + 2*f + 12 = -6*k, 2*k + 6 = -3*f. Let h(s) = -16*s - 2. What are the prime factors of h(k)?
2, 23
Suppose -5*z - 3*y + 2440 = 0, -5*z + 2*y = -z - 1952. List the prime factors of z.
2, 61
Suppose 6*h - 5852 = -2420. What are the prime factors of h?
2, 11, 13
List the prime factors of (4/16*12)/(15/9200).
2, 5, 23
Let q(u) = -u**3 + 6*u**2 + 8*u + 2. Let p be q(7). Suppose 1 = -2*h + p. Suppose 0 = -2*n - 3*f + 20, h*n + 29 = 7*n + 4*f. What are the prime factors of n?
7
Let d be (-21)/(-6) + 1/((-2)/(-1)). Suppose -39 = -5*q - 0*t + d*t, 3*t - 12 = 0. List the prime factors of q.
11
Let n = -21 + 18. List the prime factors of -3*(n - 154/6).
2, 43
Suppose -9*c = -3240 + 396. What are the prime factors of c?
2, 79
Suppose 4*i - 3*i = -4*j - 7, -j = -i + 8. Suppose i*y = 3*s + 295, 5*y + 2*s = -0*y + 295. What are the prime factors of y?
59
Let w = -5 - -5. Suppose -q - 8*q + 207 = w. List the prime factors of q.
23
Suppose 258 = d + q, q = d - 0*q - 252. List the prime factors of d.
3, 5, 17
List the prime factors of (3 - 5)*-3*4244/6.
2, 1061
Let o be 1 + (24 - (-2 - -3)). Let g be (3/6)/(2/12). Let d = g + o. List the prime factors of d.
3
Let r(z) = 6*z**2 - 14*z + 71. What are the prime factors of r(-14)?
3, 13, 37
Let a = -121 + 241. Suppose 4*r = 5*i + a, 96 = 2*r - 3*i + 36. What are the prime factors of r?
2, 3, 5
Let g = -1925 - -3683. List the prime factors of g.
2, 3, 293
Suppose 81 + 113 = 2*u. Let z = 310 - u. List the prime factors of z.
3, 71
Suppose 0 = -11*i + 10*i - 3*b + 356, 3*i - 1090 = 2*b. List the prime factors of i.
2, 181
Suppose 0 = -2*j - 4, j = -4*h + 4*j + 30. Suppose v + 0 = -h. What are the prime factors of -1 + 3 - (-7 + v)?
3, 5
Suppose 0 = -3*k + 5*t + 46, 5*k + t - 33 + 3 = 0. Let x(g) = g**3 - 6*g**2 + 6*g + 2. What are the prime factors of x(k)?
3, 31
Suppose -2*r + 4*i = -55 - 29, r - 5*i - 36 = 0. Let k = r + -16. Suppose -4*a = -2*a - k. List the prime factors of a.
3, 5
Suppose 7 = 5*r - 3. Suppose -5*q = -0*q, -5*q = -r*d + 74. What are the prime factors of d?
37
Let s(x) = x**2 + 9*x - 5. Suppose 6*i - i - 20 = 3*f, -f + 2*i = 6. Let d be s(f). What are the prime factors of ((-66)/8)/(d/(-20))?
3, 11
Suppose -o - 4*o = 5*h - 45, -4*o = -20. Let l(n) = 2*n**3 - 8*n**2 + 4*n - 4. Let a be l(5). Suppose f + a = h*f. List the prime factors of f.
2, 11
Suppose -8*o = -24*o + 5728. What are the prime factors of o?
2, 179
Let q(u) = -49*u**2 + 49*u**2 - 8 - 2*u + 4*u**3 + 7. What are the prime factors of q(2)?
3
Let j = 37 + -18. Suppose -1 - j = 4*f. Let u = f + 23. What are the prime factors of u?
2, 3
Let x = -18 - -14. Let z(u) = 12*u**2 - 5*u - 9. What are the prime factors of z(x)?
7, 29
Let q(a) = -7*a - 15. Let o be q(-9). Let r = -30 - -52. Suppose 0 = 5*l - o - r. List the prime factors of l.
2, 7
Suppose 3*z = 7 + 8. Suppose 167 - 7 = z*n. What are the prime factors of n?
2
Let g = 9 - 5. Suppose g*p - 83 = 109. List the prime factors of p.
2, 3
Let s(q) be the second derivative of q**4/6 - 2*q**3/3 + 253*q**2/2 + 2*q - 12. List the prime factors of s(0).
11, 23
Suppose 233 = y - 2*y + 5*b, 16 = 4*b. What are the prime factors of 2 - -1*(1 - (y + 1))?
5, 43
List the prime factors of 5/(-3) + (-10)/(-6) + 2887.
2887
Suppose 0 = -19*t - 576 + 8214. What are the prime factors of t?
2, 3, 67
Suppose q = -m - 5 - 0, 5*m + q + 5 = 0. Suppose y + m*y = 2. What are the prime factors of (-3)/6*(-184)/y?
2, 23
Suppose 6 - 10 = -w. Let o(h) = -23*h + 4. Let c be o(w). List the prime factors of c/33*6/(-4).
2
Suppose -5*v - 1369 = -24. Let b = -191 - v. What are the prime factors of b?
2, 3, 13
Let t = 422 + 381. List the prime factors of t.
11, 73
Suppose -l + 0*l - 75 = 0. Let o be (-3)/18 - l/18. Suppose -2*h + 0*s + 3*s + 55 = 0, -o*s - 116 = -4*h. What are the prime factors of h?
2
Let r(k) be the third derivative of -k**6/180 - k**5/15 + 5*k**4/24 + k**2. Let b(g) be the second derivative of r(g). What are the prime factors of b(-7)?
2, 5
Let v(o) = -o**2 - 3*o. Let c be v(-2). Let y(x) be the first derivative of 3*x**4/2 - x**2 - 14. What are the prime factors of y(c)?
2, 11
Let i(r) = -1133*r - 117. List the prime factors of i(-3).
2, 3, 547
Let w(c) be the third derivative of c**5/60 - 3*c**4/8 + c**3/2 + c**2. Let b be w(13). Suppose 10*x = 9*x + b. What are the prime factors of x?
5, 11
Let g(t) = t**3 + 9*t**2 - 11*t - 5. Let m be g(-10). Let q(d) = 2 + 0*d**3 - 2*d**2 + 3*d - d**3 + 4*d**2 - m. List the prime factors of q(2).
3
Let o(n) = -596*n - 198. What are the prime factors of o(-3)?
2, 3, 5, 53
Let l(i) = 124*i + 532. List the prime factors of l(8).
2, 3, 127
Let r be 8 + -2 - 6/2. Suppose -b - 1 + r = 0. Suppose -2*w = -5*c - 14, -5*c - b = 3*w - 4*w. What are the prime factors of w?
2, 3
Let p(r) = 4*r**2 + 90*r + 46. What are the prime factors of p(-35)?
2, 449
Let a(k) = -k**3 + 45*k**2 - 101*k + 65. What are the prime factors of a(41)?
2, 331
Let g be 904/28 + 2/(-7). Let n = g + -12. What are the prime factors of n?
2, 5
Let t(k) = 27*k**2 - 7*k + 24. List the prime factors of t(6).
2, 3, 53
Suppose -u = -2*x - 318, -5*x - 443 - 197 = -2*u. What are the prime factors of u?
2, 5, 31
Let h be (-108)/(-10) + 4/20. Suppose -1656 = -h*c - 94. What are the prime factors of c?
2, 71
Let q be (22/(-5))/(2/(-20)). Suppose -m = -4*g + 10, -2*g - g + 2*m + 5 = 0. List the prime factors of (9 - 6)/(g/q).
2, 11
List the prime factors of 218 - 28*(-2)/(-8).
211
Let c(t) = 2*t + 648. List the prime factors of c(39).
2, 3, 11
Let z be 4/(-18) - (-19792)/(-36). Let q = z + 805. What are the prime factors of (-1 + 0)*q/(-5)?
3, 17
List the prime factors of -11 + ((-20)/(-10) - -113).
2, 13
Let q be (4*4)/(1 - (-133)/(-126)). Let a = -144 - q. What are the prime factors of a?
2, 3
Let b be (40/15)/(-8)*30. List the prime factors of (-3)/(-6) - 2765/b.
277
Let i(l) = -6*l**2 - l**3 + 6*l**2 + 2*l**2 + 2. Let u be i(4). What are the prime factors of (-874)/(-30) + 4/u?
29
Suppose -3*f + 350 = 5*y, 8 = 2*y + 18. What are the prime factors of f?
5
Let z(w) = 369*w**2 + 26*w + 48. What are the prime factors of z(-2)?
2, 23
Let m = -7 + 27. Suppose -3*g + m = -8*g. Let u(t) = -13*t + 1. What are the prime factors of u(g)?
53
What are the prime factors of (-804042)/(-198) - (-4)/22?
31, 131
Suppose 207*i + 1944 = 211*i. Suppose -g + 4*f = g - i, -2*g = 5*f - 450. List the prime factors of g.
5, 47
Let y(l) = l**3 + 13*l**2 + 8*l + 1. Let j = -40 + 28. Let w be y(j). Suppose w = o - 16. List the prime factors of o.
5, 13
Suppose -4*b = 10 - 190. Let j = 129 - b. What are the prime factors of j?
2, 3, 7
Suppose -p + 6 = -0*b - b, 5*p + 4*b + 6 = 0. List the prime factors of -28 + 30 - (-78 + (p - 1)).
79
Suppose 3*h - 4*h = -2. Suppose -3*c = -h*c - 1. Suppose c = -3*v + 34. List the prime factors of v.
11
Suppose 2*o = -o + 15, 4*a = -5*o + 73. Let z be 8/14*42/a. List the prime factors of z*(1 - 2)*-1.
2
Suppose -207*c + 222*c = 2445. List the prime factors of c.
163
Let r(a) be the second derivative of a**3 + 46*a**2 - 48*a. What are the prime factors of r(32)?
2, 71
What are the prime factors of (-51457)/(-70) - (-2)/(-20)?
3, 5, 7
Let j(p) = -p**2 - 6*p - 7. Suppose 3*v + c + 11 - 1 = 0, 5*v + 4*c = -5. Let m be j(v). What are the prime factors of m + (23 - (-6 + 3))?
2, 3
Let u(l) = -l + 4 - 4 + 1. Let a(b) = -11*b + 1. Let f(m) = a(m) - 6*u(m). What are the prime factors of f(-7)?
2, 3, 5
Let d be -3*(-4)/(-12)*-74. Suppose -3*j = l - d, 4*j - 84 = -l + 3*j. List the prime factors of l.
89
Let a(m) = 0 - 2*m**2 + m**3 + m**2 - 1 - m. Let u(z) = 4*z**3 - 9*z**2 + 4*z - 6. Let k(w) = -3*a(w) + u(w). List the prime factors of k(6).
3, 13
Let x(d) be the third derivative of d**5/6 - 5*d**4/12 + 20*d**2. List the prime factors 